-211*f + 209*f - 38 = 0. Is (15/(-12))/(f/122132) a composite number?
True
Let h(x) = x**3 + 7*x**2 + 5*x - 3. Let q be h(-6). Suppose 34*u = 33*u + q. Is u/(-4)*(-16)/6 + 1621 prime?
False
Suppose 56 = -b + 3*u + u, 0 = -b - 5*u - 11. Let k = 1 - b. Is k/(0 - (-3)/33) prime?
False
Suppose 20*w - 23*w + o + 1677731 = 0, -o + 2796213 = 5*w. Is w prime?
True
Let k(j) = 455*j - 22. Let t = 98 + -99. Let y(n) = -13*n - 6. Let r be y(t). Is k(r) prime?
True
Let j(g) = -g**2 + g + 5. Suppose b + b - 8 = 0. Let r be j(b). Is 4/(-14) + (-3)/r*997 a composite number?
True
Suppose -8*o + 2 = -5*l - 4*o, 4*l + 3*o + 14 = 0. Let x be 10 + 2042 - (l - (-1 + -3)). Suppose -m + x = 9*m. Is m a composite number?
True
Suppose 10*n + 3*n - 130 = -13*n. Suppose -2*m = 3*q + 2, -3*m - 4*q = -m + 6. Suppose 3*g = -2*a + 2003, n*g - m*a - 1636 = 1694. Is g a composite number?
True
Let y(w) = -w**3 - 2*w**2 - w + 664. Let s be y(0). Let z(m) = 6*m**3 + 3*m**2 + 1. Let u be z(-4). Let a = s + u. Is a a composite number?
True
Let o(i) = 1070*i - 3. Let g(b) be the third derivative of b**6/120 - b**5/20 - b**4/24 + 2*b**3/3 - 3*b**2. Let h be g(3). Is o(h) prime?
False
Let o(n) = -163503*n - 697. Is o(-2) prime?
True
Let j(x) = -4*x**2 + 8*x - 12. Let i be j(2). Is (11142/i - -5)*-2 prime?
True
Let s = 94259 - -20888. Is s prime?
False
Let f(n) = -6*n**2 - 7*n - 19. Let t be f(-6). Let i = t - -1170. Is i prime?
True
Is 3*(-501784)/24*1*-1 prime?
True
Let q(k) = 1022*k**3 - 11*k**2 - 51*k + 233. Is q(5) a composite number?
False
Suppose -5*w = o - 48136 - 134570, 5*w + 913500 = 5*o. Is o a prime number?
True
Let m be -2*36/(-8) + -4. Suppose 4*a = 7*x - 3*x + 12, -m*a + 11 = -x. Is (-7 - -8)*746/a a composite number?
False
Suppose -12*r + 14*r = 20*r - 592578. Is r a prime number?
False
Suppose -5*g + 2*g = 0. Suppose 4*j + 20 = -2*t - g*j, 4*t + 4*j = -28. Let q(m) = -12*m**3 + 2*m**2 - 3*m + 3. Is q(t) prime?
False
Let d(m) = 359*m - 18. Let g be d(-6). Let a = 6194 + g. Is a composite?
True
Let p = -923 - -1688. Suppose -4272 = -7*r - p. Is r a prime number?
False
Suppose 0 = z - 2 + 3. Let b = 573 - 570. Is 586/4*(b + z) a prime number?
True
Let j = 94 + -107. Is (2764/(-40)*26)/(j/65) a composite number?
True
Let p = 73 - 80. Let v(r) = -r**2 - 8*r + 5. Let d be v(p). Suppose d*i - 14202 = 354. Is i prime?
True
Let t = -44229 - -98876. Is t composite?
False
Is 11*1795 + (-27)/5 + (-6)/10 prime?
True
Suppose -g = -5*g + 476. Let s be 12*3/12 - -633. Let d = s - g. Is d composite?
True
Suppose -121 - 303 = -4*y. Suppose -2 = -y*p + 105*p. Suppose -5*t = 4*v - 631 - 1032, -839 = -p*v - t. Is v a prime number?
False
Let n = 1 + 2. Let p(o) = 159*o - 2385. Let k be p(17). Suppose -n*r - k = -2*z, -r + 845 = 5*z + 50. Is z composite?
True
Is (-18)/3*(-12532894)/228 a prime number?
False
Let r = -30 + 34. Suppose 2*a + 107 = 3*c - 0*a, 4*a + r = 0. Suppose -832 = -d - c. Is d a composite number?
False
Let w(i) = 73161*i**2 - 43*i + 47. Is w(5) composite?
True
Let a(f) = 8*f + 11. Let q(w) = 2*w + 1 + 5*w - 12*w + 4*w. Let n(o) = -a(o) - 2*q(o). Is n(-16) a composite number?
False
Let g(s) = -13*s + 2*s - 11*s**2 - 16*s**2 + 31 - 12*s**2 + 2*s**3. Is g(20) a prime number?
True
Let c = -1308025 + 2249751. Is c composite?
True
Let n be 4988 + 7*12/42. Suppose -2*a = -7404 - n. Is a a prime number?
True
Suppose -3*k = 5*z - 379052, -9*k - 2*z = -11*k + 252728. Is k prime?
True
Suppose -2*u + 3*u - 26736 - 173 = 0. Is u a composite number?
True
Let t = -255927 - -385096. Is t a prime number?
True
Let d(b) = 802352*b**2 - 15*b + 16. Is d(1) a composite number?
True
Let c be (3/2 - (-77)/(-22))/(-1). Suppose 0 = 2*p - 0*l + 5*l - 8364, -c = -l. Is p composite?
False
Suppose k - 6*k + w = 23, 0 = 2*k - w + 8. Let z be k/(-25) + 9934/5. Let o = z - 590. Is o a prime number?
False
Suppose 619*u + 83509023 = 658*u. Is u a composite number?
False
Suppose a = 3*f - 1984, -3*a + 1985 = 3*f - 5*a. Suppose f = -2*c - 393. Let b = c - -936. Is b a prime number?
True
Let d be -3622 + ((-55)/20 - -3)*0. Let s = d - -6201. Is s prime?
True
Let g(p) = -332*p**3 + 2*p**2 + 3*p. Let t(n) = n**2 + 3*n - 5. Let v be t(-4). Is g(v) composite?
False
Suppose -22*r + 19*r = -1359. Let j = r + 91. Suppose -6*u + 218 = -j. Is u a prime number?
True
Let u(b) = -28*b**3 - 4*b**2 - 2*b - 23. Let w be u(-6). Suppose 5*s = 3*m - m - 2377, -5*m + w = 4*s. Is m a composite number?
False
Let q(n) = -8*n**3 + 8*n**2 + 15*n + 81. Let u be q(-11). Suppose 0 = 4*l - u - 8024. Is l a prime number?
True
Suppose 0 = -5*z + 35239 + 5056. Is z prime?
True
Let w = -21858 - -31805. Let o = 14205 - w. Is o a composite number?
True
Let i(v) = 47405*v**2 - 5*v - 3. Is i(-1) prime?
True
Suppose -2886875 - 3451522 = -25*x + 5378. Is x a composite number?
False
Let t(i) = 245*i**2 - 47*i - 205. Is t(-9) prime?
True
Let f be 702/(-104)*(-64)/6. Is 1733*8/(f/27) prime?
False
Suppose 4*r = 2*z - 11044, -z + 5185 = 4*r - 349. Is z/(-36)*-2*(-1 - -2) prime?
True
Suppose 15*i = -i + 7840. Suppose -484*l + i*l - 82098 = 0. Is l a prime number?
False
Suppose 5*w = 9*w - 60. Suppose 0 = 28*d - 33*d - w. Is (2178 - -4) + d/1 prime?
True
Suppose 3*y - l = 62619, l - 5*l - 104365 = -5*y. Is y composite?
False
Suppose 3*j - 12 = 0, 5*m + 5*j - 1337 = 1693. Suppose a + 5*u - 126 = 0, 2*u + m = 5*a - u. Is a prime?
False
Let w(x) = 18*x**2 + 19*x - 16. Let a(j) = -16*j**2 - 18*j + 15. Let u(n) = -5*a(n) - 4*w(n). Is u(-13) prime?
False
Suppose 2*h + 302942 = 2*j, -58*h + 59*h - 605874 = -4*j. Is j prime?
False
Let v(c) = 295*c - 4. Suppose 15*z - 9*z + 12 = 0. Let t be v(z). Is t/(-4) + (21/(-6))/(-7) composite?
False
Let s = 64 - 62. Suppose 4*t + 4*h = -4776, t + 5*h - s*h + 1186 = 0. Is (-1 + 0)*1 + (37 - t) a prime number?
False
Suppose 0 = -4*r - 4 + 4. Let a be (r - 1)/((-20)/15 + 1). Is (a - (-4 - -3)) + 1531 a prime number?
False
Suppose -640367 = 160*i - 6611407. Is i a prime number?
False
Let o be ((-9)/(-3))/(-3) + -19 + 0. Is (-1)/(24215/6055 - o/(-5)) a prime number?
False
Suppose 0 = 5*d - 11*s + 16*s - 239485, 0 = d - 2*s - 47915. Is d a prime number?
True
Let h = 21680 + -63359. Let a = 62002 + h. Is a prime?
True
Let p = -1709 + 3728. Is p composite?
True
Let j(n) = 35988*n - 235. Is j(3) composite?
True
Let b(g) be the third derivative of 71*g**5/60 + 5*g**4/24 - 17*g**3/6 - 15*g**2 - 4*g. Is b(9) a composite number?
False
Let z = -209 + 211. Suppose -3*v - z*u = -4923, -4*u = v - u - 1648. Is v a composite number?
True
Suppose l - 3 = 4*v, -9*l + 12 = -4*v - 5*l. Suppose 7*y - 17*y + 26590 = v. Is y prime?
True
Suppose 58*j - 135299 = 57*j + 5*p, -5*p = 40. Is j a composite number?
True
Let m(u) = 22016*u - 7. Let y = 239 - 238. Is m(y) composite?
True
Let z(x) be the second derivative of 61*x**3/6 - 30*x**2 - 7*x. Let g = 97 + -78. Is z(g) prime?
False
Suppose -245 + 240 = -5*q, 3*q = -x + 205349. Is x prime?
False
Let z = -19924 - 3928. Let q = -6813 - z. Is q a prime number?
False
Let c = 63791 - 25360. Is c a composite number?
False
Let f = -93 + 97. Suppose -3*s + 4*b + 2442 = 549, -f*s = 3*b - 2524. Is s a prime number?
True
Let n = -204 + 134. Let g = -246 - n. Let w = -85 - g. Is w prime?
False
Suppose -2*a - 102298 = -4*a - 4*q, 204617 = 4*a + 5*q. Is a a prime number?
False
Suppose 0 = 5*t + 243 + 407. Let x(f) = 3*f**2 + 13*f - 55. Let q be x(-18). Let s = t + q. Is s composite?
True
Is (-7 - -4) + (552876*-15)/(-9) prime?
True
Let w = -11 + 11. Suppose w*v + 2*r = 2*v - 15028, -2*v = r - 15025. Is v a prime number?
False
Let i be 3/15*3 - (-422292)/30. Let t = i + -7136. Is t composite?
True
Suppose 2 = 2*i - i, x = -4*i - 2652. Let c = x - -1887. Let k = 2134 + c. Is k composite?
False
Suppose 3*x + 28 = x. Let z(k) = -40*k - 80. Let f(j) = -40*j - 83. Let g(i) = -3*f(i) + 4*z(i). Is g(x) prime?
False
Let k(w) = -9*w - 18. Let p be k(-2). Suppose 2*l - 4*j - j - 1469 = 0, p = l - 5*j - 742. Is l composite?
False
Suppose -31*r + 25523118 = 37*r - 15112118. Is r prime?
True
Let w(a) = 380*a**3 - a. Let d(g) = g + 1. Let q be d(1). Suppose -q*v - f + 1 = -2, -f = -v. Is w(v) prime?
True
Suppose 4*k - 5*k + 554 = 0. Let a(r) = 3*r**3 + 14*r**2 - 3*r - 21. Let f be a(-7). Let b = f + k. Is b a composite numbe